{"id":83,"date":"2016-09-11T16:57:37","date_gmt":"2016-09-11T15:57:37","guid":{"rendered":"http:\/\/produktion.wagfors.se\/?page_id=83"},"modified":"2018-03-05T11:22:56","modified_gmt":"2018-03-05T10:22:56","slug":"utveckling","status":"publish","type":"page","link":"https:\/\/produktion.wagfors.se\/index.php\/utveckling\/","title":{"rendered":"Utveckling av elektroniska produkter"},"content":{"rendered":"<div class=\"gca-column three-fourths first\">\n<h2>Utveckling av elektroniska produkter<\/h2>\n<p>Wagfors har under m\u00e5nga \u00e5r utvecklat egna produkter.<br \/>\nUtvecklingsarbetet har i m\u00e5nga fall varit tekniskt utmanande d\u00e5 en h\u00f6g funktionss\u00e4kerhet p\u00e5 installationer i<br \/>\nkr\u00e4vande milj\u00f6er skall s\u00e4kerst\u00e4llas.<br \/>\nV\u00e5ra nuvarande kunder kommer fr\u00e5n en m\u00e4ngd olika omr\u00e5den s\u00e5som fordonsindustrin, t\u00e5goperat\u00f6rer,<br \/>\nbyggindustrin, belysningsindustrin, marinen, vattenrening etc.<\/p>\n<h3>V\u00e5r kompetens inom produktutveckling \u00e4r:<\/h3>\n<ul>\n<li>Teknisk specifikation<\/li>\n<li>H\u00e5rdvarudesign<\/li>\n<li>3D CAD<\/li>\n<li>Mjukvaruutveckling Assembler, C\/C++<\/li>\n<li>Prototypframtagning<\/li>\n<li>Funktionstestning<\/li>\n<li>EMC och LVD testning<\/li>\n<li>Produktionsanpassning<\/li>\n<li>CE m\u00e4rkning<\/li>\n<li>TCF<\/li>\n<li>Dokumentation<\/li>\n<li>MTBF ber\u00e4kning<\/li>\n<\/ul>\n<blockquote>\n<h3>Vi tar nu ytterligare ett steg fram\u00e5t och erbjuder b\u00e5de befintliga och\u00a0nya kunder v\u00e5ra utvecklingstj\u00e4nster.<br \/>\nI samband med detta kommer vi att st\u00e4rka och utveckla\u00a0v\u00e5rt R&amp;D team.<\/h3>\n<\/blockquote>\n<p>Detta g\u00f6r oss till en komplett partner f\u00f6r projekt som inneh\u00e5ller elektronik, programmering,<br \/>\nmekanik, produktionsanpassning samt design.<br \/>\nV\u00e5ra uppdrag \u00e4r helhets\u00e5taganden vilket inneb\u00e4r att vi \u00e4ven utf\u00f6r tester och tredjepartscertifieringar.<\/p>\n<p>Vi har \u00e4ven m\u00f6jlighet att erbjuda leveranser av prototyper vilket m\u00f6jligg\u00f6r att vi\u00a0p\u00e5 ett<br \/>\ntidigt stadium i projektet kan verifiera en mekanisk l\u00f6sning eller utv\u00e4rdera en design.<\/p>\n<p>Har ni en produkt eller ett projekt ni skulle vilja diskutera, ta kontakt med oss f\u00f6r ett<br \/>\nf\u00f6ruts\u00e4ttningsl\u00f6st m\u00f6te om vad Wagfors kan tillf\u00f6ra er<strong>.<\/strong><\/p>\n<\/div>\n","protected":false},"excerpt":{"rendered":"<p>Utveckling av elektroniska produkter Wagfors har under m\u00e5nga \u00e5r utvecklat egna produkter. Utvecklingsarbetet har i m\u00e5nga fall varit tekniskt utmanande d\u00e5 en h\u00f6g funktionss\u00e4kerhet p\u00e5 installationer i kr\u00e4vande milj\u00f6er skall s\u00e4kerst\u00e4llas. V\u00e5ra nuvarande kunder kommer fr\u00e5n en m\u00e4ngd olika omr\u00e5den s\u00e5som fordonsindustrin, t\u00e5goperat\u00f6rer, byggindustrin, belysningsindustrin, marinen, vattenrening etc. V\u00e5r kompetens inom produktutveckling \u00e4r: Teknisk specifikation<br \/><a class=\"moretag\" href=\"https:\/\/produktion.wagfors.se\/index.php\/utveckling\/\">+ Read More<\/a><\/p>\n","protected":false},"author":1,"featured_media":0,"parent":0,"menu_order":0,"comment_status":"closed","ping_status":"closed","template":"","meta":[],"_links":{"self":[{"href":"https:\/\/produktion.wagfors.se\/index.php\/wp-json\/wp\/v2\/pages\/83"}],"collection":[{"href":"https:\/\/produktion.wagfors.se\/index.php\/wp-json\/wp\/v2\/pages"}],"about":[{"href":"https:\/\/produktion.wagfors.se\/index.php\/wp-json\/wp\/v2\/types\/page"}],"author":[{"embeddable":true,"href":"https:\/\/produktion.wagfors.se\/index.php\/wp-json\/wp\/v2\/users\/1"}],"replies":[{"embeddable":true,"href":"https:\/\/produktion.wagfors.se\/index.php\/wp-json\/wp\/v2\/comments?post=83"}],"version-history":[{"count":10,"href":"https:\/\/produktion.wagfors.se\/index.php\/wp-json\/wp\/v2\/pages\/83\/revisions"}],"predecessor-version":[{"id":249,"href":"https:\/\/produktion.wagfors.se\/index.php\/wp-json\/wp\/v2\/pages\/83\/revisions\/249"}],"wp:attachment":[{"href":"https:\/\/produktion.wagfors.se\/index.php\/wp-json\/wp\/v2\/media?parent=83"}],"curies":[{"name":"wp","href":"https:\/\/api.w.org\/{rel}","templated":true}]}}